{"id":139,"date":"2022-08-31T08:09:15","date_gmt":"2022-08-31T11:09:15","guid":{"rendered":"https:\/\/vasc.com.br\/?page_id=139"},"modified":"2022-09-14T10:37:11","modified_gmt":"2022-09-14T13:37:11","slug":"treinamento","status":"publish","type":"page","link":"https:\/\/vasc.com.br\/index.php\/treinamento\/","title":{"rendered":"Treinamento"},"content":{"rendered":"\n<p>Rick Vasconcellos tem paix\u00e3o por ensinar e trocar experi\u00eancias.<\/p>\n\n\n\n<p>Oferece treinamento para Peritos iniciantes que vai desde abordagens e conhecimento da demanda bem como elaborar o Laudo apropriado para cada caso.<\/p>\n\n\n\n<p>Esse treinamento pode ser individual ou coletivo.<\/p>\n\n\n\n<figure class=\"wp-block-image size-large\"><img fetchpriority=\"high\" decoding=\"async\" width=\"1024\" height=\"1024\" src=\"https:\/\/vasc.com.br\/wp-content\/uploads\/2022\/09\/RICK-VASC_Logotipo-note-1024x1024.png\" alt=\"\" class=\"wp-image-288\" srcset=\"https:\/\/vasc.com.br\/wp-content\/uploads\/2022\/09\/RICK-VASC_Logotipo-note-1024x1024.png 1024w, https:\/\/vasc.com.br\/wp-content\/uploads\/2022\/09\/RICK-VASC_Logotipo-note-300x300.png 300w, https:\/\/vasc.com.br\/wp-content\/uploads\/2022\/09\/RICK-VASC_Logotipo-note-150x150.png 150w, https:\/\/vasc.com.br\/wp-content\/uploads\/2022\/09\/RICK-VASC_Logotipo-note-768x768.png 768w, https:\/\/vasc.com.br\/wp-content\/uploads\/2022\/09\/RICK-VASC_Logotipo-note-1536x1536.png 1536w, https:\/\/vasc.com.br\/wp-content\/uploads\/2022\/09\/RICK-VASC_Logotipo-note-2048x2048.png 2048w\" sizes=\"(max-width: 1024px) 100vw, 1024px\" \/><\/figure>\n","protected":false},"excerpt":{"rendered":"<p>Rick Vasconcellos tem paix\u00e3o por ensinar e trocar experi\u00eancias. Oferece treinamento para Peritos iniciantes que vai desde abordagens e conhecimento da demanda bem como elaborar o Laudo apropriado para cada caso. Esse treinamento pode ser individual ou coletivo.<\/p>\n","protected":false},"author":1,"featured_media":0,"parent":0,"menu_order":0,"comment_status":"closed","ping_status":"closed","template":"","meta":{"om_disable_all_campaigns":false,"_monsterinsights_skip_tracking":false,"_monsterinsights_sitenote_active":false,"_monsterinsights_sitenote_note":"","_monsterinsights_sitenote_category":0,"footnotes":""},"class_list":["post-139","page","type-page","status-publish","hentry"],"yoast_head":"<!-- This site is optimized with the Yoast SEO plugin v27.1.1 - https:\/\/yoast.com\/product\/yoast-seo-wordpress\/ -->\n<title>Treinamento - Vasc Participa\u00e7\u00f5es Imobili\u00e1rias<\/title>\n<meta name=\"description\" content=\"Rick Vasconcellos tem paix\u00e3o por ensinar e trocar experi\u00eancias.  Oferece treinamento para Peritos iniciantes que vai desde abordagens e conhecimento da demanda bem como elaborar o Laudo apropriado para cada caso.  Esse treinamento pode ser individual ou coletivo. Avalia\u00e7\u00e3o de Im\u00f3vel im\u00f3veis fins judicial judiciais administrativo administrativos revis\u00e3o IPTU partilha invent\u00e1rio testamento venda loca\u00e7\u00e3o im\u00f3vel comercial residencial galp\u00e3o barrac\u00e3o terrenos terreno lotes lote gleba glebas desapropria\u00e7\u00e3o campinas regi\u00e3o de campinas laudos periciais justi\u00e7a avaliar buscar valor de mercado im\u00f3vel\" \/>\n<meta name=\"robots\" content=\"index, follow, max-snippet:-1, max-image-preview:large, max-video-preview:-1\" \/>\n<link rel=\"canonical\" href=\"https:\/\/vasc.com.br\/index.php\/treinamento\/\" \/>\n<meta property=\"og:locale\" content=\"pt_BR\" \/>\n<meta property=\"og:type\" content=\"article\" \/>\n<meta property=\"og:title\" content=\"Treinamento - Vasc Participa\u00e7\u00f5es Imobili\u00e1rias\" \/>\n<meta property=\"og:description\" content=\"Rick Vasconcellos tem paix\u00e3o por ensinar e trocar experi\u00eancias.  Oferece treinamento para Peritos iniciantes que vai desde abordagens e conhecimento da demanda bem como elaborar o Laudo apropriado para cada caso.  Esse treinamento pode ser individual ou coletivo. Avalia\u00e7\u00e3o de Im\u00f3vel im\u00f3veis fins judicial judiciais administrativo administrativos revis\u00e3o IPTU partilha invent\u00e1rio testamento venda loca\u00e7\u00e3o im\u00f3vel comercial residencial galp\u00e3o barrac\u00e3o terrenos terreno lotes lote gleba glebas desapropria\u00e7\u00e3o campinas regi\u00e3o de campinas laudos periciais justi\u00e7a avaliar buscar valor de mercado im\u00f3vel\" \/>\n<meta property=\"og:url\" content=\"https:\/\/vasc.com.br\/index.php\/treinamento\/\" \/>\n<meta property=\"og:site_name\" content=\"Vasc Participa\u00e7\u00f5es Imobili\u00e1rias\" \/>\n<meta property=\"article:modified_time\" content=\"2022-09-14T13:37:11+00:00\" \/>\n<meta property=\"og:image\" content=\"https:\/\/vasc.com.br\/wp-content\/uploads\/2022\/09\/cropped-RICK-VASC_Logotipo-Quadrado-2.png\" \/>\n<meta name=\"twitter:card\" content=\"summary_large_image\" \/>\n<meta name=\"twitter:image\" content=\"https:\/\/vasc.com.br\/wp-content\/uploads\/2022\/09\/cropped-RICK-VASC_Logotipo-Quadrado-2.png\" \/>\n<script type=\"application\/ld+json\" class=\"yoast-schema-graph\">{\"@context\":\"https:\/\/schema.org\",\"@graph\":[{\"@type\":\"WebPage\",\"@id\":\"https:\/\/vasc.com.br\/index.php\/treinamento\/\",\"url\":\"https:\/\/vasc.com.br\/index.php\/treinamento\/\",\"name\":\"Treinamento - Vasc Participa\u00e7\u00f5es Imobili\u00e1rias\",\"isPartOf\":{\"@id\":\"https:\/\/vasc.com.br\/#website\"},\"primaryImageOfPage\":{\"@id\":\"https:\/\/vasc.com.br\/index.php\/treinamento\/#primaryimage\"},\"image\":{\"@id\":\"https:\/\/vasc.com.br\/index.php\/treinamento\/#primaryimage\"},\"thumbnailUrl\":\"http:\/\/vasc.com.br\/wp-content\/uploads\/2022\/09\/RICK-VASC_Logotipo-note-1024x1024.png\",\"datePublished\":\"2022-08-31T11:09:15+00:00\",\"dateModified\":\"2022-09-14T13:37:11+00:00\",\"description\":\"Rick Vasconcellos tem paix\u00e3o por ensinar e trocar experi\u00eancias. Oferece treinamento para Peritos iniciantes que vai desde abordagens e conhecimento da demanda bem como elaborar o Laudo apropriado para cada caso. Esse treinamento pode ser individual ou coletivo. Avalia\u00e7\u00e3o de Im\u00f3vel im\u00f3veis fins judicial judiciais administrativo administrativos revis\u00e3o IPTU partilha invent\u00e1rio testamento venda loca\u00e7\u00e3o im\u00f3vel comercial residencial galp\u00e3o barrac\u00e3o terrenos terreno lotes lote gleba glebas desapropria\u00e7\u00e3o campinas regi\u00e3o de campinas laudos periciais justi\u00e7a avaliar buscar valor de mercado im\u00f3vel\",\"breadcrumb\":{\"@id\":\"https:\/\/vasc.com.br\/index.php\/treinamento\/#breadcrumb\"},\"inLanguage\":\"pt-BR\",\"potentialAction\":[{\"@type\":\"ReadAction\",\"target\":[\"https:\/\/vasc.com.br\/index.php\/treinamento\/\"]}]},{\"@type\":\"ImageObject\",\"inLanguage\":\"pt-BR\",\"@id\":\"https:\/\/vasc.com.br\/index.php\/treinamento\/#primaryimage\",\"url\":\"https:\/\/vasc.com.br\/wp-content\/uploads\/2022\/09\/RICK-VASC_Logotipo-note.png\",\"contentUrl\":\"https:\/\/vasc.com.br\/wp-content\/uploads\/2022\/09\/RICK-VASC_Logotipo-note.png\",\"width\":2421,\"height\":2421},{\"@type\":\"BreadcrumbList\",\"@id\":\"https:\/\/vasc.com.br\/index.php\/treinamento\/#breadcrumb\",\"itemListElement\":[{\"@type\":\"ListItem\",\"position\":1,\"name\":\"In\u00edcio\",\"item\":\"https:\/\/vasc.com.br\/\"},{\"@type\":\"ListItem\",\"position\":2,\"name\":\"Treinamento\"}]},{\"@type\":\"WebSite\",\"@id\":\"https:\/\/vasc.com.br\/#website\",\"url\":\"https:\/\/vasc.com.br\/\",\"name\":\"Vasc Participa\u00e7\u00f5es Imobili\u00e1rias\",\"description\":\"CRECI 49.182-F\",\"publisher\":{\"@id\":\"https:\/\/vasc.com.br\/#organization\"},\"potentialAction\":[{\"@type\":\"SearchAction\",\"target\":{\"@type\":\"EntryPoint\",\"urlTemplate\":\"https:\/\/vasc.com.br\/?s={search_term_string}\"},\"query-input\":{\"@type\":\"PropertyValueSpecification\",\"valueRequired\":true,\"valueName\":\"search_term_string\"}}],\"inLanguage\":\"pt-BR\"},{\"@type\":\"Organization\",\"@id\":\"https:\/\/vasc.com.br\/#organization\",\"name\":\"Vasc Participa\u00e7\u00f5es Imobili\u00e1rias\",\"url\":\"https:\/\/vasc.com.br\/\",\"logo\":{\"@type\":\"ImageObject\",\"inLanguage\":\"pt-BR\",\"@id\":\"https:\/\/vasc.com.br\/#\/schema\/logo\/image\/\",\"url\":\"https:\/\/vasc.com.br\/wp-content\/uploads\/2022\/09\/cropped-cropped-RICK-VASC_Logotipo-Quadrado-2.png\",\"contentUrl\":\"https:\/\/vasc.com.br\/wp-content\/uploads\/2022\/09\/cropped-cropped-RICK-VASC_Logotipo-Quadrado-2.png\",\"width\":2421,\"height\":2421,\"caption\":\"Vasc Participa\u00e7\u00f5es Imobili\u00e1rias\"},\"image\":{\"@id\":\"https:\/\/vasc.com.br\/#\/schema\/logo\/image\/\"}}]}<\/script>\n<!-- \/ Yoast SEO plugin. -->","yoast_head_json":{"title":"Treinamento - Vasc Participa\u00e7\u00f5es Imobili\u00e1rias","description":"Rick Vasconcellos tem paix\u00e3o por ensinar e trocar experi\u00eancias.  Oferece treinamento para Peritos iniciantes que vai desde abordagens e conhecimento da demanda bem como elaborar o Laudo apropriado para cada caso.  Esse treinamento pode ser individual ou coletivo. Avalia\u00e7\u00e3o de Im\u00f3vel im\u00f3veis fins judicial judiciais administrativo administrativos revis\u00e3o IPTU partilha invent\u00e1rio testamento venda loca\u00e7\u00e3o im\u00f3vel comercial residencial galp\u00e3o barrac\u00e3o terrenos terreno lotes lote gleba glebas desapropria\u00e7\u00e3o campinas regi\u00e3o de campinas laudos periciais justi\u00e7a avaliar buscar valor de mercado im\u00f3vel","robots":{"index":"index","follow":"follow","max-snippet":"max-snippet:-1","max-image-preview":"max-image-preview:large","max-video-preview":"max-video-preview:-1"},"canonical":"https:\/\/vasc.com.br\/index.php\/treinamento\/","og_locale":"pt_BR","og_type":"article","og_title":"Treinamento - Vasc Participa\u00e7\u00f5es Imobili\u00e1rias","og_description":"Rick Vasconcellos tem paix\u00e3o por ensinar e trocar experi\u00eancias.  Oferece treinamento para Peritos iniciantes que vai desde abordagens e conhecimento da demanda bem como elaborar o Laudo apropriado para cada caso.  Esse treinamento pode ser individual ou coletivo. Avalia\u00e7\u00e3o de Im\u00f3vel im\u00f3veis fins judicial judiciais administrativo administrativos revis\u00e3o IPTU partilha invent\u00e1rio testamento venda loca\u00e7\u00e3o im\u00f3vel comercial residencial galp\u00e3o barrac\u00e3o terrenos terreno lotes lote gleba glebas desapropria\u00e7\u00e3o campinas regi\u00e3o de campinas laudos periciais justi\u00e7a avaliar buscar valor de mercado im\u00f3vel","og_url":"https:\/\/vasc.com.br\/index.php\/treinamento\/","og_site_name":"Vasc Participa\u00e7\u00f5es Imobili\u00e1rias","article_modified_time":"2022-09-14T13:37:11+00:00","og_image":[{"url":"https:\/\/vasc.com.br\/wp-content\/uploads\/2022\/09\/cropped-RICK-VASC_Logotipo-Quadrado-2.png","type":"","width":"","height":""}],"twitter_card":"summary_large_image","twitter_image":"https:\/\/vasc.com.br\/wp-content\/uploads\/2022\/09\/cropped-RICK-VASC_Logotipo-Quadrado-2.png","schema":{"@context":"https:\/\/schema.org","@graph":[{"@type":"WebPage","@id":"https:\/\/vasc.com.br\/index.php\/treinamento\/","url":"https:\/\/vasc.com.br\/index.php\/treinamento\/","name":"Treinamento - Vasc Participa\u00e7\u00f5es Imobili\u00e1rias","isPartOf":{"@id":"https:\/\/vasc.com.br\/#website"},"primaryImageOfPage":{"@id":"https:\/\/vasc.com.br\/index.php\/treinamento\/#primaryimage"},"image":{"@id":"https:\/\/vasc.com.br\/index.php\/treinamento\/#primaryimage"},"thumbnailUrl":"http:\/\/vasc.com.br\/wp-content\/uploads\/2022\/09\/RICK-VASC_Logotipo-note-1024x1024.png","datePublished":"2022-08-31T11:09:15+00:00","dateModified":"2022-09-14T13:37:11+00:00","description":"Rick Vasconcellos tem paix\u00e3o por ensinar e trocar experi\u00eancias. Oferece treinamento para Peritos iniciantes que vai desde abordagens e conhecimento da demanda bem como elaborar o Laudo apropriado para cada caso. Esse treinamento pode ser individual ou coletivo. Avalia\u00e7\u00e3o de Im\u00f3vel im\u00f3veis fins judicial judiciais administrativo administrativos revis\u00e3o IPTU partilha invent\u00e1rio testamento venda loca\u00e7\u00e3o im\u00f3vel comercial residencial galp\u00e3o barrac\u00e3o terrenos terreno lotes lote gleba glebas desapropria\u00e7\u00e3o campinas regi\u00e3o de campinas laudos periciais justi\u00e7a avaliar buscar valor de mercado im\u00f3vel","breadcrumb":{"@id":"https:\/\/vasc.com.br\/index.php\/treinamento\/#breadcrumb"},"inLanguage":"pt-BR","potentialAction":[{"@type":"ReadAction","target":["https:\/\/vasc.com.br\/index.php\/treinamento\/"]}]},{"@type":"ImageObject","inLanguage":"pt-BR","@id":"https:\/\/vasc.com.br\/index.php\/treinamento\/#primaryimage","url":"https:\/\/vasc.com.br\/wp-content\/uploads\/2022\/09\/RICK-VASC_Logotipo-note.png","contentUrl":"https:\/\/vasc.com.br\/wp-content\/uploads\/2022\/09\/RICK-VASC_Logotipo-note.png","width":2421,"height":2421},{"@type":"BreadcrumbList","@id":"https:\/\/vasc.com.br\/index.php\/treinamento\/#breadcrumb","itemListElement":[{"@type":"ListItem","position":1,"name":"In\u00edcio","item":"https:\/\/vasc.com.br\/"},{"@type":"ListItem","position":2,"name":"Treinamento"}]},{"@type":"WebSite","@id":"https:\/\/vasc.com.br\/#website","url":"https:\/\/vasc.com.br\/","name":"Vasc Participa\u00e7\u00f5es Imobili\u00e1rias","description":"CRECI 49.182-F","publisher":{"@id":"https:\/\/vasc.com.br\/#organization"},"potentialAction":[{"@type":"SearchAction","target":{"@type":"EntryPoint","urlTemplate":"https:\/\/vasc.com.br\/?s={search_term_string}"},"query-input":{"@type":"PropertyValueSpecification","valueRequired":true,"valueName":"search_term_string"}}],"inLanguage":"pt-BR"},{"@type":"Organization","@id":"https:\/\/vasc.com.br\/#organization","name":"Vasc Participa\u00e7\u00f5es Imobili\u00e1rias","url":"https:\/\/vasc.com.br\/","logo":{"@type":"ImageObject","inLanguage":"pt-BR","@id":"https:\/\/vasc.com.br\/#\/schema\/logo\/image\/","url":"https:\/\/vasc.com.br\/wp-content\/uploads\/2022\/09\/cropped-cropped-RICK-VASC_Logotipo-Quadrado-2.png","contentUrl":"https:\/\/vasc.com.br\/wp-content\/uploads\/2022\/09\/cropped-cropped-RICK-VASC_Logotipo-Quadrado-2.png","width":2421,"height":2421,"caption":"Vasc Participa\u00e7\u00f5es Imobili\u00e1rias"},"image":{"@id":"https:\/\/vasc.com.br\/#\/schema\/logo\/image\/"}}]}},"_links":{"self":[{"href":"https:\/\/vasc.com.br\/index.php\/wp-json\/wp\/v2\/pages\/139","targetHints":{"allow":["GET"]}}],"collection":[{"href":"https:\/\/vasc.com.br\/index.php\/wp-json\/wp\/v2\/pages"}],"about":[{"href":"https:\/\/vasc.com.br\/index.php\/wp-json\/wp\/v2\/types\/page"}],"author":[{"embeddable":true,"href":"https:\/\/vasc.com.br\/index.php\/wp-json\/wp\/v2\/users\/1"}],"replies":[{"embeddable":true,"href":"https:\/\/vasc.com.br\/index.php\/wp-json\/wp\/v2\/comments?post=139"}],"version-history":[{"count":6,"href":"https:\/\/vasc.com.br\/index.php\/wp-json\/wp\/v2\/pages\/139\/revisions"}],"predecessor-version":[{"id":351,"href":"https:\/\/vasc.com.br\/index.php\/wp-json\/wp\/v2\/pages\/139\/revisions\/351"}],"wp:attachment":[{"href":"https:\/\/vasc.com.br\/index.php\/wp-json\/wp\/v2\/media?parent=139"}],"curies":[{"name":"wp","href":"https:\/\/api.w.org\/{rel}","templated":true}]}}